{"id":1697,"date":"2024-11-25T19:05:29","date_gmt":"2024-11-25T18:05:29","guid":{"rendered":"https:\/\/www.lesanglaisesontlacote.org\/?page_id=1697"},"modified":"2026-01-23T18:50:22","modified_gmt":"2026-01-23T17:50:22","slug":"7-questions-frequentes","status":"publish","type":"page","link":"https:\/\/www.lesanglaisesontlacote.org\/?page_id=1697","title":{"rendered":"7. Questions fr\u00e9quentes"},"content":{"rendered":"\n<p><strong>L&rsquo;inscription est-elle obligatoire ?<\/strong> <strong>OUI<\/strong>, l&rsquo;inscription est obligatoire. Elle nous permet de vous ajouter sur nos listes de diffusion afin de vous tenir inform\u00e9s en avant premi\u00e8re de nos rassemblements. Les donn\u00e9es r\u00e9colt\u00e9es nous permettent de faire des statistiques sur les belles voitures expos\u00e9es ainsi que sur votre lieu d&rsquo;habitation.<\/p>\n\n\n\n<p><\/p>\n\n\n\n<p><strong>Faut-il faire partie d&rsquo;un club pour s&rsquo;inscrire ?<\/strong> <strong>NON<\/strong>, nous sommes ouverts \u00e0 tous. Vous \u00eates tous les bienvenus !<\/p>\n\n\n\n<p><\/p>\n\n\n\n<p><strong>Comment s&rsquo;inscrire ?<\/strong> Deux possibilit\u00e9s s&rsquo;offrent \u00e0 vous : soit vous vous inscrivez sur <strong>le lien internet <\/strong>jusqu&rsquo;\u00e0 la veille de la manifestation \u00e0 19h00 au plus tard, soit vous pouvez vous inscrire directement le jour J <strong>\u00e0 notre stand<\/strong>.<\/p>\n\n\n\n<p><\/p>\n\n\n\n<p><strong>L&rsquo;inscription est-elle payante ? OUI<\/strong>, l&rsquo;inscription est au prix de 10\u20ac. Vous pouvez bien \u00e9videmment r\u00e9gler une fois sur place. Il s&rsquo;agit d&rsquo;une manifestation solidaire en faveur des enfants polyhandicap\u00e9s de Bandol (voir page Les lauriers roses en cliquant ici : <a href=\"https:\/\/www.lesanglaisesontlacote.org\/?page_id=1519\">Les Lauriers roses<\/a>). En contrepartie nous vous offrons, un ticket de Tombola.<\/p>\n\n\n\n<p><\/p>\n\n\n\n<p><strong>Que dois-je faire \u00e0 mon arriv\u00e9e ? <\/strong>Nos membres du club vous accueilleront et vous placeront. Vous devez ensuite <strong>venir nous voir au stand<\/strong> afin que nous v\u00e9rifions votre inscription. Nous cocherons votre pr\u00e9sence si vous \u00eates inscrits sur internet sinon nous vous ferons remplir une fiche d&rsquo;inscription. Cette d\u00e9marche est indispensable afin que nous puissions comptabiliser le nombre de voitures expos\u00e9es et que nous vous remettions un petit cadeau d&rsquo;accueil.<\/p>\n\n\n\n<p><\/p>\n\n\n\n<p><strong>Que faire si je fais partie d&rsquo;un club ? <\/strong>Chaque v\u00e9hicule doit \u00eatre inscrit individuellement. Si vous souhaitez \u00eatre expos\u00e9s c\u00f4te \u00e0 c\u00f4te, nous vous conseillons d&rsquo;arriver en m\u00eame temps car aucun emplacement ne pourra \u00eatre r\u00e9serv\u00e9. Cependant, l&rsquo;inscription demeure individuelle et obligatoire.<\/p>\n\n\n\n<p><strong>Comment est organis\u00e9 votre barnum ?<\/strong> Nous disposons de trois stands. <strong>Un stand cot\u00e9 ville o\u00f9 nous vous attendons d\u00e8s votre arriv\u00e9e afin de confirmer votre inscription.<\/strong> Un stand central pour l&rsquo;achat de tickets de tombola, et de caf\u00e9 l&rsquo;hiver. Un stand c\u00f4t\u00e9 mer pour acqu\u00e9rir des produits d\u00e9riv\u00e9s.<\/p>\n\n\n\n<p><strong>O\u00f9 se fait l&rsquo;accueil des v\u00e9hicules de collection ?<\/strong> Nous vous attendons sur le port de Bandol au niveau de l&#8217;embarcad\u00e8re pour Ile de Bendor.<\/p>\n","protected":false},"excerpt":{"rendered":"<p>L&rsquo;inscription est-elle obligatoire ? OUI, l&rsquo;inscription est obligatoire. Elle nous permet de vous ajouter sur nos listes de diffusion afin de vous tenir inform\u00e9s en avant premi\u00e8re de nos rassemblements. Les donn\u00e9es r\u00e9colt\u00e9es nous permettent de faire des statistiques sur les belles voitures expos\u00e9es ainsi que sur votre lieu d&rsquo;habitation. Faut-il faire partie d&rsquo;un club [&hellip;]<\/p>\n","protected":false},"author":1,"featured_media":0,"parent":0,"menu_order":0,"comment_status":"closed","ping_status":"closed","template":"","meta":{"ngg_post_thumbnail":0,"footnotes":""},"_links":{"self":[{"href":"https:\/\/www.lesanglaisesontlacote.org\/index.php?rest_route=\/wp\/v2\/pages\/1697"}],"collection":[{"href":"https:\/\/www.lesanglaisesontlacote.org\/index.php?rest_route=\/wp\/v2\/pages"}],"about":[{"href":"https:\/\/www.lesanglaisesontlacote.org\/index.php?rest_route=\/wp\/v2\/types\/page"}],"author":[{"embeddable":true,"href":"https:\/\/www.lesanglaisesontlacote.org\/index.php?rest_route=\/wp\/v2\/users\/1"}],"replies":[{"embeddable":true,"href":"https:\/\/www.lesanglaisesontlacote.org\/index.php?rest_route=%2Fwp%2Fv2%2Fcomments&post=1697"}],"version-history":[{"count":8,"href":"https:\/\/www.lesanglaisesontlacote.org\/index.php?rest_route=\/wp\/v2\/pages\/1697\/revisions"}],"predecessor-version":[{"id":1806,"href":"https:\/\/www.lesanglaisesontlacote.org\/index.php?rest_route=\/wp\/v2\/pages\/1697\/revisions\/1806"}],"wp:attachment":[{"href":"https:\/\/www.lesanglaisesontlacote.org\/index.php?rest_route=%2Fwp%2Fv2%2Fmedia&parent=1697"}],"curies":[{"name":"wp","href":"https:\/\/api.w.org\/{rel}","templated":true}]}}